6).
8
Let t(c) = -6*c - 6. Calculate t(2).
-18
Let d(t) = -t**2 + t + 41. Determine d(-6).
-1
Let v(k) = -k**3 + 16*k**2 - 16*k + 18. Determine v(15).
3
Let s(a) = -2*a**2 + 4*a + 10. Give s(0).
10
Let i(z) = 24*z - 145. Determine i(6).
-1
Let a(l) = l**2 + 6*l - 33. What is a(-9)?
-6
Let y(o) = -11*o + 16. Determine y(7).
-61
Let f(z) = -11*z**2 + 4*z - 3. Calculate f(1).
-10
Let d(s) = 2*s - 6. Determine d(4).
2
Let c(t) = -t**3 - 5*t**2 + 6. Give c(-6).
42
Let u(a) = a**3 + a**2 - 14*a - 3. Determine u(-5).
-33
Let x(h) = -2*h + 92. Determine x(45).
2
Let y(q) = -q**2 + 15*q - 54. What is y(10)?
-4
Let w(n) = -6*n + 5. Determine w(1).
-1
Let m(r) = -3*r + 3. What is m(9)?
-24
Let u(m) = m**3 + 4*m**2 + 2*m - 2. Calculate u(-2).
2
Let f(v) = -v + 11. What is f(10)?
1
Let r(a) = a**2 + 23*a + 6. Give r(-22).
-16
Let p(l) = -l**3 - 7*l**2 - 12*l - 5. Calculate p(-6).
31
Let i(v) = -v**3 - 9*v**2 + 24*v + 13. Determine i(-11).
-9
Let o(i) = -i**2 - 37*i - 38. Calculate o(-36).
-2
Let x(o) = -o**3 - 6*o**2 - 5*o + 2. Give x(-6).
32
Let t(u) = -2*u**2 + 2*u - 7. Give t(-4).
-47
Let u(w) = -2*w**2 + 11*w + 3. Give u(5).
8
Let h(p) = p**3 + 3*p**2 - 2*p - 5. Determine h(-4).
-13
Let o(t) = -3*t**2 + 2. What is o(-2)?
-10
Let q(m) = -m**3 + 8*m**2 + 7. Give q(8).
7
Let x(t) = t**2 + 21*t + 62. Calculate x(-4).
-6
Let j(s) = s**2 - 9*s + 7. Determine j(7).
-7
Let b(q) = 9*q - 138. Calculate b(14).
-12
Let d(c) = c**2 + 11*c + 11. Determine d(-8).
-13
Let w(g) = g**3 + 10*g**2 + 9*g - 13. Determine w(-10).
-103
Let f(z) = z**3 + 13*z**2 - 12*z + 15. What is f(-14)?
-13
Let t(b) = -b**2 - 20*b + 126. Give t(5).
1
Let n(o) = -2*o**3 + 7*o**2 - 5. Give n(3).
4
Let m(j) = -j**3 + 15*j**2 - 14*j - 2. What is m(14)?
-2
Let a(x) = -x**2 - 2*x - 6. What is a(-4)?
-14
Let u(t) = t**2 - 20*t - 11. What is u(18)?
-47
Let a(h) = h**2 - 13*h - 1. Determine a(17).
67
Let w(q) = -q**3 - 11*q**2 - 10*q - 11. What is w(-10)?
-11
Let k(m) = -m**3 - 10*m**2 + 10*m - 13. Give k(-11).
-2
Let v(x) = -x**3 + 13*x**2 - 12*x - 7. What is v(12)?
-7
Let q(u) = 22*u - 531. What is q(24)?
-3
Let z(i) = -i**3 - 7*i**2 + 11*i + 3. Determine z(-8).
-21
Let r(x) = 160*x - 150. Determine r(1).
10
Let u(w) = w**2 - 4*w - 5. Determine u(8).
27
Let g(k) = -4*k**2 + 42*k - 2. Calculate g(10).
18
Let c(y) = y**3 - 7*y**2 + 3*y + 14. Give c(6).
-4
Let j(x) = -3*x**2 - 25*x - 17. Determine j(-7).
11
Let t(r) = -3*r**2 + 13*r + 40. What is t(-4)?
-60
Let t(w) = w**3 - w**2 - 12*w - 3. What is t(4)?
-3
Let v(k) = -2*k**2 + 18*k - 29. What is v(6)?
7
Let x(o) = 3*o. Calculate x(3).
9
Let i(s) = s + 1. Determine i(-3).
-2
Let f(d) = d**3 + 7*d**2 - 5*d + 15. What is f(-8)?
-9
Let f(k) = -k**3 - 7*k**2 - 2*k + 15. Calculate f(-4).
-25
Let q(h) = h**3 - 11*h**2 + 20*h - 26. Determine q(9).
-8
Let o(c) = 58*c**3 - 5*c**2 - c + 3. Determine o(-1).
-59
Let v(l) = l**3 + 25*l**2 + 47*l + 7. What is v(-23)?
-16
Let s(x) = -x**2 - 21*x + 75. Give s(-24).
3
Let s(k) = 2*k**2 + 5*k - 6. Calculate s(-4).
6
Let v(o) = o**3 + 5*o**2 - 7*o - 2. Determine v(-6).
4
Let a(p) = p**3 + 3*p**2 + p. Determine a(-3).
-3
Let k(p) = 8*p**2 - 25*p. Give k(3).
-3
Let l(w) = w**2 - 3*w. Give l(-1).
4
Let u(b) = b**3 - 10*b**2 - 12*b - 13. Determine u(11).
-24
Let a(d) = -d**3 - 10*d**2 - 6*d + 7. What is a(-9)?
-20
Let i(d) = 23*d - 13. Determine i(-3).
-82
Let f(y) = 2*y**3 + 6*y**2 - 37*y - 3. Give f(-6).
3
Let o(s) = -12*s + 5. Determine o(1).
-7
Let d(u) = -u**3 + 12*u**2 + 12*u + 28. Determine d(13).
15
Let b(j) = 8*j**3 - 2*j**2 + 2*j - 2. What is b(1)?
6
Let l(o) = 26*o**2. Calculate l(-1).
26
Let j(y) = y**2 + 15*y - 14. Determine j(-14).
-28
Let a(g) = -g**3 + 5*g**2 + 2*g + 2. Calculate a(6).
-22
Let x(n) = n**2 - 14*n - 40. What is x(16)?
-8
Let t(q) = q**3 + 20*q**2 - 44*q + 4. What is t(-22)?
4
Let i(k) = 5*k - 13. Calculate i(-8).
-53
Let g(u) = u**2 - 12*u + 10. Calculate g(5).
-25
Let q(k) = k**3 - 4*k**2 + 5*k. What is q(2)?
2
Let n(o) = o**3 + o**2 + 16. Give n(0).
16
Let z(k) = k**2 - 6*k - 6. Give z(-6).
66
Let o(d) = 56*d**2 - d. Determine o(-1).
57
Let v(f) = f**3 - 5*f**2 - f + 6. Calculate v(5).
1
Let m(p) = 2*p + 27. What is m(-11)?
5
Let w(z) = 2*z - 26. Determine w(11).
-4
Let l(c) = 3*c - 34. Give l(10).
-4
Let q(z) = z**2 - z + 27. What is q(0)?
27
Let f(w) = 4*w - 3. What is f(-7)?
-31
Let a(h) = h**3 + 3*h**2 - 11*h - 8. What is a(-5)?
-3
Let v(z) = -z**2 - 16*z - 33. Determine v(-12).
15
Let d(b) = 2*b - 26. What is d(11)?
-4
Let n(s) = 47*s**3 + s**2 - 2. Give n(1).
46
Let g(s) = -s**2 + 5*s. Calculate g(4).
4
Let k(t) = 2*t**2 - 63*t + 29. Calculate k(31).
-2
Let p(z) = 2*z + 8. Give p(-8).
-8
Let m(x) = x**3 + 38*x**2 + 32*x - 184. Calculate m(-37).
1
Let g(z) = z**3 - z + 4. Calculate g(-2).
-2
Let t(k) = -6*k + 112. What is t(18)?
4
Let t(x) = 6*x + 81. What is t(-12)?
9
Let g(i) = i**3 + 18*i**2 + 18*i + 10. Determine g(-17).
-7
Let h(y) = -2*y - 18. Determine h(-7).
-4
Let v(s) = 3*s + 28. Determine v(-9).
1
Let t(k) = 6*k - 77. Calculate t(13).
1
Let c(n) = -n**2 - n. Calculate c(1).
-2
Let b(a) = a**2 + 25*a + 138. Calculate b(-17).
2
Let o(j) = -j + 7. Determine o(4).
3
Let c(m) = -m**3 - 4*m**2 - 2*m. Give c(-3).
-3
Let v(r) = 2*r**3 + 3*r + 1. Determine v(-2).
-21
Let l(t) = -t**2 - 2*t + 4. Determine l(2).
-4
Let f(j) = -7*j - 17. Calculate f(5).
-52
Let z(w) = -w - 67. Give z(0).
-67
Let l(b) = b**3 - 20*b**2 - 2*b - 6. Give l(20).
-46
Let h(j) = -j**3 - 2*j**2 - 16*j - 8. What is h(0)?
-8
Let r(c) = 3*c - 2. Give r(-2).
-8
Let q(n) = 2*n**2 - 24*n - 370. What is q(-9)?
8
Let h(j) = 17*j**2 + j - 1. Determine h(-2).
65
Let k(o) = o - 2. What is k(-8)?
-10
Let n(k) = k**3 + k**2 - 12*k - 6. Determine n(-3).
12
Let n(m) = 6*m - 7. What is n(-6)?
-43
Let d(c) = 3*c - 89. Calculate d(7).
-68
Let y(m) = -m**2 - 10*m - 1. Determine y(-12).
-25
Let r(p) = 26*p + 99. Give r(0).
99
Let c(s) = -s**3 - 34*s**2 + 39*s + 37. Determine c(-35).
-103
Let y(g) = -41*g + 366. Calculate y(9).
-3
Let a(p) = p**3 - 23*p**2 - 28. Calculate a(23).
-28
Let i(o) = -o**3 + 6*o**2 + 9*o. Calculate i(7).
14
Let j(w) = w**3 - 4*w**2 - w + 1. Calculate j(3).
-11
Let f(d) = -d**2 - 6*d + 8. What is f(-6)?
8
Let t(d) = -21*d. Determine t(1).
-21
Let g(p) = p**3 - 15*p**2 + 13*p + 2. Calculate g(14).
-12
Let a(f) = -2*f**3 - 6*f**2 + f - 2. Calculate a(-3).
-5
Let v(z) = z**3 + 19*z**2 + 17*z - 24. Determine v(-18).
-6
Let u(n) = 3*n**3 - 5*n**2 - n - 2. What is u(4)?
106
Let u(m) = -37*m**3 - 1. Determine u(-1).
36
Let l(q) = -q + 19. What is l(-9)?
28
Let i(u) = -12*u - 29. What is i(-3)?
7
Let x(i) = -i**3 + 8*i**2 + 2*i - 8. What is x(8)?
8
Let v(l) = 2*l**3 - 4*l**2 - 11*l - 17. Determine v(-2).
-27
Let g(y) = -2*y**2 - 7*y + 39. What is g(3)?
0
Let x(g) = 2*g**2 + 11*g + 13. Determine x(-6).
19
Let f(s) = 3*s**2 + 30*s - 39. Calculate f(-11).
-6
Let x(u) = -7*u - 19. Determine x(-6).
23
Let n(l) = 7*l - 44. What is n(14)?
54
Let s(a) = -3*a + 71. Give s(23).
2
Let h(q) = 95*q - 1335. Determine h(14).
-5
Let w(q) = q**3 + 6*q**2 + 22*q + 1. Calculate w(-6).
-131
Let o(c) = c**2 + 35. Give o(0).
35
Let m(v) = v**3 + 15*v**2 - 15*v + 22. Give m(-16).
6
Let m(j) = j**2 + 7*j + 10. Calculate m(-3).
-2
Let i(f) = -6*f + 23. Calculate i(5).
-7
Let r(z) = -z**2 + 5*z - 4. Calculate r(4).
0
Let f(y) = y**2 - y - 10. Give f(4).
2
Let t(q) = 2*q + 10. Give t(-7).
-4
Let z(s) = -4*s**2 - 8*s + 2. Give z(-4).
-30
Let i(g) = -26*g - 172. Determine i(-6).
-16
Let i(t) = -t + 7. Calculate i(9).
-2
Let d(t) = t**3 - 4*t - 3. Determine d(4).
45
Let g(d) = 38*d - 1. Give g(1).
37
Let o(k) = 21*k - 25. Determine o(6).
101
Let o(f) = -2*f**2 - 11*f + 6. What is o(-7)?
-15
Let m(q) = -4*q**2 - 4*q + 1. Calculate m(-2).
-7
Let s(t) = t**3 - 6*t**2 + 7*t - 5. Calculate s(4).
-9
Let j(o) = 4*o**3 + 15*o**2 - 5*o - 6. Calculate j(-4).
-2
Let d(m) = 2*m**3 - m**2 - m + 2. What is d(2)?
12
Let p(x) = -31*x - 556. What is p(-18)?
2
Let o(q) = -7*q - 4. Give o(1).
-11
Let l(u) = 14*u - 46. What is l(3)?
-4
Let r(w) = -w**3 + 9*w**2 + 6*w + 14. Give r(10).
-26
Let i(m) = -2*m**2 + 18*m - 44. What is i(7)?
-16
Let c(x) = 3*x**2 - 50*x - 31. Give c(17).
-14
Let a(h) = -h**3 - 3*h**2 + 13*h - 2. Give a(-6).
28
Let q(i) = -i**2 - 65